 by w?
28
Let g(j) = -4*j - 24. Let u(s) = -23*s - 143. Let d(l) = 34*g(l) - 6*u(l). Calculate the remainder when d(0) is divided by 11.
9
Let s = 18 - 17. What is the remainder when 39 is divided by (1/(-3))/(1/(-63)*s)?
18
Suppose -4*n = -4, -2*q - 3*n + 8 = -15. Suppose 1168*w + 123 = 1209*w. Calculate the remainder when q is divided by w.
1
Let f(p) = -97*p + 206. Calculate the remainder when 1319 is divided by f(2).
11
Calculate the remainder when 62 is divided by 5/(55/(-2)) + 4628/286.
14
Let b(g) = -g**3 - 12*g**2 - 25*g - 16. What is the remainder when b(-13) is divided by 16?
14
Let l(g) = g**2 - 10*g + 2. What is the remainder when 158 is divided by l(13)?
35
Let b(u) = u**3 + 8*u**2 + 6*u + 11. Let d = 34 - 41. What is the remainder when -11*(0 - (5 + -2)) is divided by b(d)?
15
Let n(j) = 9*j + 396. Calculate the remainder when n(-33) is divided by 13.
8
Let a(u) = -u**3 - 22*u**2 + 77*u + 54. Calculate the remainder when 34 is divided by a(-25).
2
Let f(r) = -r - 23. Calculate the remainder when 118 is divided by f(-40).
16
Let d = -60 + 60. Let f(c) = -2*c**2 - c + 51. What is the remainder when f(d) is divided by 14?
9
Let y = -14 + 18. Suppose 4*d + 16 = -2*t, -y*d - 3*t = -0*t + 20. What is the remainder when 41 is divided by (-7)/d*(-264)/(-42)?
19
Let y = 6 + 1. Let x(r) = r**3 + 3*r - 1. Calculate the remainder when x(2) is divided by (-8)/(-1) - (-3 + y).
1
Suppose 4633 = 7*r + 4549. What is the remainder when r is divided by 2?
0
Let t = 193 + -166. Suppose 476 = 3*w - 2*c, 5*c - 33 = 3*w - 503. What is the remainder when w is divided by t?
25
What is the remainder when ((-2)/(-14))/(129/37023) is divided by 2/(-10) - 152/(-10)?
11
Suppose 11*h + 470 + 916 = 0. Let q = 161 + h. Let n = 19 - 0. Calculate the remainder when q is divided by n.
16
Suppose 14 - 1 = v. Suppose 266 = -4*k + q + 2, -211 = 3*k - 4*q. Let u = k + 115. What is the remainder when u is divided by v?
11
What is the remainder when ((-1076)/(-5))/((-808)/(-3030)) is divided by 266?
9
Let o(j) = -j**3 - 24*j**2 + 50*j - 36. Calculate the remainder when o(-26) is divided by 3.
1
Suppose -5*z = 28 - 108. Let n(s) = 42*s**2 - 2*s - 1. Suppose 3*g = 2*x - 4*x - 5, 0 = -x - 5*g - 6. What is the remainder when n(x) is divided by z?
11
Suppose 0 = -4*f + 4*r + 236, 0 = 2*f - r + 23 - 142. Let t = -2481 - -2497. What is the remainder when f is divided by t?
12
Let i = 24 + -35. Let t(k) = 28*k**2 - 3*k - 1. Let n be t(1). Let g = n + i. What is the remainder when 23 is divided by g?
10
Suppose -10*c + 12591 = -6579. Calculate the remainder when c is divided by 120.
117
Suppose -2*n = -w + 48, -w + n = -67 + 17. Calculate the remainder when w is divided by 14.
10
Calculate the remainder when -76 + 108 + (-1 - 0 - -1) is divided by 16.
0
Let q be 1911/(-27) - (-2)/(-9). Let p = 95 + q. What is the remainder when 69 is divided by p?
21
Calculate the remainder when 731 is divided by -4*((-10)/(-20))/(1/(-10)).
11
Let p = 2611 - 2492. What is the remainder when 241 is divided by p?
3
Suppose 0 = 3*t - 15*t + 252. Suppose 24*k = t*k + 141. Calculate the remainder when k is divided by 16.
15
What is the remainder when 261 is divided by 34 - ((-28)/20 + (-3)/5)?
9
Suppose -4*j + 157 = 197. Let o = -33 - -55. Calculate the remainder when o is divided by 90/6*(-4)/j.
4
Suppose 67 = 5*h + 47. Suppose 0 = -u + 2*w + 30, -3*u - 2*u + h*w + 120 = 0. What is the remainder when 77 is divided by u?
17
Let p = 280 - 198. Suppose 3*m = -3*u + 7 + 56, -5*u + 129 = -3*m. What is the remainder when p is divided by u?
10
Suppose 0 = 4*s - 5*x + 8, x = 3*x - 8. Suppose c - 18 = -s. Calculate the remainder when c is divided by 3/(-2)*4/(-3).
1
Let o(s) = -22*s + 485. Calculate the remainder when 314 is divided by o(20).
44
Let q(k) = 4*k + 39 - 27 - 5*k. Calculate the remainder when 25 is divided by q(5).
4
Let t = -1205 - -1282. Calculate the remainder when 236 is divided by t.
5
Suppose -5*k + 110 = -5*u, 5*u + 106 = 5*k + 4*u. Let v = -13 - -13. Suppose q + 3*q - 48 = v. What is the remainder when k is divided by q?
9
Let o(p) = -19*p - 6. Suppose 5 = -9*s + 8*s. Calculate the remainder when o(s) is divided by 23.
20
Let j = -52 - -30. Let v = j - -58. What is the remainder when v is divided by 20?
16
Let p(c) = c**2 - 12*c + 2. Let k be p(12). Suppose 4*l = -5*n + 82, -3*l = k*n - 55 - 3. What is the remainder when 18 is divided by 2/(l/15)*3?
3
Let d = -2709 + 2841. What is the remainder when 246 is divided by d?
114
Let s = -47 - -78. Suppose -2*g + s + 7 = 0. Let v(o) = 5*o**2 + 5*o + 6. Calculate the remainder when v(-3) is divided by g.
17
Suppose 2*u = -33*m + 29*m + 4678, 5880 = 5*m - 4*u. What is the remainder when m is divided by 28?
24
Let c = -11 - -30. Let l = 44 - c. What is the remainder when 98 is divided by l?
23
Let b = 1796 - 1700. Calculate the remainder when 190 is divided by b.
94
Suppose -480 = -6*u - 9*u. What is the remainder when 701 is divided by u?
29
Let t(u) = -8*u**3 + 0*u + 10*u**2 + 7*u**3 + u + 5. What is the remainder when t(9) is divided by 16?
15
Suppose 2*w + j = 29, 28 = 3*w - j - 3. Calculate the remainder when 95 is divided by w.
11
Let c = 69 + -48. Let n(p) = -p**3 - 4*p**2 + 6*p + 7. Let v be n(-5). Suppose j + v*y - 125 + 34 = 0, j - 76 = y. What is the remainder when j is divided by c?
18
Let i = -1 - -52. Suppose 54*z - i*z = 21. What is the remainder when 232/9 + (-2)/(-9) is divided by z?
5
Let k(q) = -2*q**3 - 2*q**2 + 5*q - 2. What is the remainder when k(-4) is divided by (-6 + (2 - 1))*44/(-20)?
8
Let k(q) = -2*q**2 + 3*q + 6. Let t be k(-4). Let l = t - -57. Calculate the remainder when 56 is divided by l.
18
Suppose -21*o = -16*o - 5, -39 = -4*m - 3*o. Calculate the remainder when 19 is divided by m.
1
Let i(x) = 4*x + 1. What is the remainder when 0 - ((-32)/(-464) - (-11724)/(-116)) is divided by i(3)?
10
Let j(d) = d - 4. Let b be j(7). Suppose -3*v = b*v - 318. Suppose 3*n + 2 - v = 0. What is the remainder when n is divided by 6?
5
Let g(u) = 5*u**2 + 15*u - 36. What is the remainder when g(-9) is divided by 47?
46
Let s(l) = -l**3 - 5*l**2 + 2*l + 7. What is the remainder when s(-6) is divided by 12?
7
Let s = 107 + -94. What is the remainder when 77 is divided by s?
12
Suppose -62*r + 58*r = -5*n - 291, r - n - 73 = 0. Calculate the remainder when 202 is divided by r.
54
Let t(p) = p**2 + 5*p - 9. What is the remainder when t(-9) is divided by (10/(-25))/((-2)/70)?
13
Let f(r) = -r - 10. What is the remainder when f(-25) is divided by 2?
1
Suppose -5*o = -5*q + 40, 5*q - 2*o - 13 = 12. Suppose 2*r + r = -q*f + 87, -4*f = -20. Suppose 3*d - 15 = -0*d. Calculate the remainder when r is divided by d.
4
Suppose -o - 5 = 0, -o = -l + 3*o + 17. Let f be 1/(1/(-18)*l). Calculate the remainder when 16 is divided by 5*f/5*1.
4
Let t be (-3)/4 + (-51)/(-4). Suppose -5*z + t = -4*z. What is the remainder when (-208)/(-6) - (-2)/6 is divided by z?
11
Let d be -4 - 0 - -3 - -4. Let t(h) = 0 - h - 13*h + 88*h**3 - 1 - 87*h**d + 9*h**2. What is the remainder when t(-10) is divided by 14?
11
Suppose 2*s + 233 = 481. Calculate the remainder when s is divided by 114.
10
Let h(w) = -46*w + 9. Calculate the remainder when h(-4) is divided by ((-40)/(-20))/(1*4/78).
37
Suppose -2*w - 158 = -2*n, 4*w + 60 - 419 = -5*n. What is the remainder when n is divided by -11 - -8 - (-20 + 1)?
11
Suppose 2*o + 7 = 13. Let r = 39 + -23. Suppose o*i - r = 11. Calculate the remainder when 32 is divided by i.
5
Suppose 2*c = -c + 5*h + 105, -2*c - h + 57 = 0. Suppose -5*r + 6 = -6*r. Let y(s) = -s**2 - 6*s + 8. Calculate the remainder when c is divided by y(r).
6
What is the remainder when 48/10*(-2)/(12/(-90)) is divided by 25?
22
Let q = -1236 - -1315. What is the remainder when 789 is divided by q?
78
Calculate the remainder when 21 is divided by 3/((-3)/2) + (-33 - -47).
9
Let d = -1708 + 1722. What is the remainder when 1035 is divided by d?
13
Suppose m + 5*n - 83 = -2*m, -m + 41 = -n. Suppose -m = -4*j + 2*j. Let o = j - 15. Calculate the remainder when 6 is divided by o.
0
Let t(f) = -4*f**2 - 3*f**2 + 16*f + 56 - f**3 - 46. What is the remainder when t(-9) is divided by 16?
12
Suppose 4*q = -0*q - 5*o + 114, -4*q + o + 102 = 0. What is the remai